[INFO] cloning repository https://github.com/evanisko/2048
[INFO] running `Command { std: "git" "-c" "credential.helper=" "-c" "credential.helper=/workspace/cargo-home/bin/git-credential-null" "clone" "--bare" "https://github.com/evanisko/2048" "/workspace/cache/git-repos/https%3A%2F%2Fgithub.com%2Fevanisko%2F2048", kill_on_drop: false }`
[INFO] [stderr] Cloning into bare repository '/workspace/cache/git-repos/https%3A%2F%2Fgithub.com%2Fevanisko%2F2048'...
[INFO] running `Command { std: "git" "rev-parse" "HEAD", kill_on_drop: false }`
[INFO] [stdout] 14838bbe0c8215a0ef331c4eb719d009a0b29647
[INFO] checking evanisko/2048 against master#af3c6e733a40e671550e0f0f5aeecaa13772ba56 for pr-74989
[INFO] running `Command { std: "git" "clone" "/workspace/cache/git-repos/https%3A%2F%2Fgithub.com%2Fevanisko%2F2048" "/workspace/builds/worker-11/source", kill_on_drop: false }`
[INFO] [stderr] Cloning into '/workspace/builds/worker-11/source'...
[INFO] [stderr] done.
[INFO] validating manifest of git repo https://github.com/evanisko/2048 on toolchain af3c6e733a40e671550e0f0f5aeecaa13772ba56
[INFO] running `Command { std: "/workspace/cargo-home/bin/cargo" "+af3c6e733a40e671550e0f0f5aeecaa13772ba56" "read-manifest" "--manifest-path" "Cargo.toml", kill_on_drop: false }`
[INFO] started tweaking git repo https://github.com/evanisko/2048
[INFO] finished tweaking git repo https://github.com/evanisko/2048
[INFO] tweaked toml for git repo https://github.com/evanisko/2048 written to /workspace/builds/worker-11/source/Cargo.toml
[INFO] crate git repo https://github.com/evanisko/2048 already has a lockfile, it will not be regenerated
[INFO] running `Command { std: "/workspace/cargo-home/bin/cargo" "+af3c6e733a40e671550e0f0f5aeecaa13772ba56" "fetch" "--locked" "--manifest-path" "Cargo.toml", kill_on_drop: false }`
[INFO] [stderr]     Blocking waiting for file lock on package cache
[INFO] [stderr] error: the lock file /workspace/builds/worker-11/source/Cargo.lock needs to be updated but --locked was passed to prevent this
[INFO] [stderr] If you want to try to generate the lock file without accessing the network, use the --offline flag.
[INFO] the lockfile is outdated, regenerating it
[INFO] running `Command { std: "/workspace/cargo-home/bin/cargo" "+af3c6e733a40e671550e0f0f5aeecaa13772ba56" "generate-lockfile" "--manifest-path" "Cargo.toml" "-Zno-index-update", kill_on_drop: false }`
[INFO] [stderr]     Updating git repository `https://bitbucket.org/AdrienChampion/rust_2048.git`
[INFO] running `Command { std: "/workspace/cargo-home/bin/cargo" "+af3c6e733a40e671550e0f0f5aeecaa13772ba56" "fetch" "--locked" "--manifest-path" "Cargo.toml", kill_on_drop: false }`
[INFO] [stderr]     Blocking waiting for file lock on package cache
[INFO] [stderr]  Downloading crates ...
[INFO] [stderr]   Downloaded glutin_egl_sys v0.1.5
[INFO] [stderr]   Downloaded gfx_gl v0.6.1
[INFO] [stderr]   Downloaded pistoncore-window v0.47.0
[INFO] [stderr]   Downloaded piston-viewport v1.0.0
[INFO] [stderr]   Downloaded piston-float v1.0.0
[INFO] [stderr]   Downloaded piston-gfx_texture v0.41.0
[INFO] [stderr]   Downloaded piston2d-gfx_graphics v0.70.0
[INFO] [stderr]   Downloaded pistoncore-event_loop v0.52.0
[INFO] [stderr]   Downloaded gfx v0.18.2
[INFO] [stderr]   Downloaded vecmath v1.0.0
[INFO] [stderr]   Downloaded glutin_glx_sys v0.1.7
[INFO] [stderr]   Downloaded gfx_core v0.9.2
[INFO] [stderr]   Downloaded piston2d-graphics v0.37.0
[INFO] [stderr]   Downloaded gl v0.11.0
[INFO] [stderr]   Downloaded glutin_wgl_sys v0.1.5
[INFO] [stderr]   Downloaded pistoncore-glutin_window v0.66.0
[INFO] [stderr]   Downloaded piston_window v0.112.0
[INFO] [stderr]   Downloaded pistoncore-input v1.0.0
[INFO] [stderr]   Downloaded piston-graphics_api_version v1.0.0
[INFO] [stderr]   Downloaded shader_version v0.7.0
[INFO] [stderr]   Downloaded piston v0.52.0
[INFO] [stderr]   Downloaded interpolation v0.2.0
[INFO] [stderr]   Downloaded piston-texture v0.8.0
[INFO] [stderr]   Downloaded glutin_gles2_sys v0.1.5
[INFO] running `Command { std: "docker" "create" "-v" "/var/lib/crater-agent-workspace/builds/worker-11/target:/opt/rustwide/target:rw,Z" "-v" "/var/lib/crater-agent-workspace/builds/worker-11/source:/opt/rustwide/workdir:ro,Z" "-v" "/var/lib/crater-agent-workspace/cargo-home:/opt/rustwide/cargo-home:ro,Z" "-v" "/var/lib/crater-agent-workspace/rustup-home:/opt/rustwide/rustup-home:ro,Z" "-e" "SOURCE_DIR=/opt/rustwide/workdir" "-e" "CARGO_TARGET_DIR=/opt/rustwide/target" "-e" "CARGO_HOME=/opt/rustwide/cargo-home" "-e" "RUSTUP_HOME=/opt/rustwide/rustup-home" "-w" "/opt/rustwide/workdir" "-m" "1610612736" "--user" "0:0" "--network" "none" "rustops/crates-build-env@sha256:d92eaeed33fa75130ca1ee6c8a01d1ffb62bac859dfdfb3450e3e5d1c0146529" "/opt/rustwide/cargo-home/bin/cargo" "+af3c6e733a40e671550e0f0f5aeecaa13772ba56" "metadata" "--no-deps" "--format-version=1", kill_on_drop: false }`
[INFO] [stdout] 69c23b4b0a9372f27004a11822405cc235eac8b37c940e5cd057435bbb2482ce
[INFO] [stderr] WARNING: Your kernel does not support swap limit capabilities or the cgroup is not mounted. Memory limited without swap.
[INFO] running `Command { std: "docker" "start" "-a" "69c23b4b0a9372f27004a11822405cc235eac8b37c940e5cd057435bbb2482ce", kill_on_drop: false }`
[INFO] running `Command { std: "docker" "inspect" "69c23b4b0a9372f27004a11822405cc235eac8b37c940e5cd057435bbb2482ce", kill_on_drop: false }`
[INFO] running `Command { std: "docker" "rm" "-f" "69c23b4b0a9372f27004a11822405cc235eac8b37c940e5cd057435bbb2482ce", kill_on_drop: false }`
[INFO] [stdout] 69c23b4b0a9372f27004a11822405cc235eac8b37c940e5cd057435bbb2482ce
[INFO] running `Command { std: "docker" "create" "-v" "/var/lib/crater-agent-workspace/builds/worker-11/target:/opt/rustwide/target:rw,Z" "-v" "/var/lib/crater-agent-workspace/builds/worker-11/source:/opt/rustwide/workdir:ro,Z" "-v" "/var/lib/crater-agent-workspace/cargo-home:/opt/rustwide/cargo-home:ro,Z" "-v" "/var/lib/crater-agent-workspace/rustup-home:/opt/rustwide/rustup-home:ro,Z" "-e" "SOURCE_DIR=/opt/rustwide/workdir" "-e" "CARGO_TARGET_DIR=/opt/rustwide/target" "-e" "CARGO_INCREMENTAL=0" "-e" "RUST_BACKTRACE=full" "-e" "RUSTFLAGS=--cap-lints=forbid" "-e" "CARGO_HOME=/opt/rustwide/cargo-home" "-e" "RUSTUP_HOME=/opt/rustwide/rustup-home" "-w" "/opt/rustwide/workdir" "-m" "1610612736" "--user" "0:0" "--network" "none" "rustops/crates-build-env@sha256:d92eaeed33fa75130ca1ee6c8a01d1ffb62bac859dfdfb3450e3e5d1c0146529" "/opt/rustwide/cargo-home/bin/cargo" "+af3c6e733a40e671550e0f0f5aeecaa13772ba56" "check" "--frozen" "--all" "--all-targets" "--message-format=json", kill_on_drop: false }`
[INFO] [stdout] 7fdd7b2232197d7bff2c84d420f18f3a46e5464388b1a3ef04def0bc827bf4f5
[INFO] [stderr] WARNING: Your kernel does not support swap limit capabilities or the cgroup is not mounted. Memory limited without swap.
[INFO] running `Command { std: "docker" "start" "-a" "7fdd7b2232197d7bff2c84d420f18f3a46e5464388b1a3ef04def0bc827bf4f5", kill_on_drop: false }`
[INFO] [stderr]    Compiling autocfg v1.0.1
[INFO] [stderr]     Checking cfg-if v0.1.10
[INFO] [stderr]    Compiling libc v0.2.77
[INFO] [stderr]    Compiling xml-rs v0.8.3
[INFO] [stderr]    Compiling bitflags v1.2.1
[INFO] [stderr]    Compiling khronos_api v3.1.0
[INFO] [stderr]    Compiling maybe-uninit v2.0.0
[INFO] [stderr]    Compiling proc-macro2 v0.4.30
[INFO] [stderr]     Checking scopeguard v1.1.0
[INFO] [stderr]    Compiling semver-parser v0.7.0
[INFO] [stderr]    Compiling proc-macro2 v1.0.21
[INFO] [stderr]    Compiling unicode-xid v0.2.1
[INFO] [stderr]    Compiling nix v0.14.1
[INFO] [stderr]    Compiling syn v1.0.40
[INFO] [stderr]     Checking void v1.0.2
[INFO] [stderr]    Compiling rayon-core v1.8.0
[INFO] [stderr]     Checking adler32 v1.2.0
[INFO] [stderr]    Compiling serde v1.0.116
[INFO] [stderr]    Compiling serde_derive v1.0.116
[INFO] [stderr]     Checking same-file v1.0.6
[INFO] [stderr]     Checking piston-graphics_api_version v1.0.0
[INFO] [stderr]     Checking downcast-rs v1.2.0
[INFO] [stderr]    Compiling cc v1.0.59
[INFO] [stderr]     Checking xdg v2.2.0
[INFO] [stderr]    Compiling getrandom v0.1.15
[INFO] [stderr]     Checking bytemuck v1.4.1
[INFO] [stderr]     Checking read_color v1.0.0
[INFO] [stderr]     Checking ppv-lite86 v0.2.9
[INFO] [stderr]     Checking fnv v1.0.7
[INFO] [stderr]     Checking piston-shaders_graphics2d v0.3.1
[INFO] [stderr]     Checking find_folder v0.3.0
[INFO] [stderr]     Checking lock_api v0.3.4
[INFO] [stderr]    Compiling x11-dl v2.18.5
[INFO] [stderr]    Compiling semver v0.9.0
[INFO] [stderr]     Checking miniz_oxide v0.3.7
[INFO] [stderr]     Checking walkdir v2.3.1
[INFO] [stderr]     Checking shader_version v0.7.0
[INFO] [stderr]    Compiling log v0.4.11
[INFO] [stderr]     Checking libloading v0.6.3
[INFO] [stderr]     Checking crc32fast v1.2.0
[INFO] [stderr]     Checking stb_truetype v0.3.1
[INFO] [stderr]     Checking deflate v0.8.6
[INFO] [stderr]    Compiling num-traits v0.2.12
[INFO] [stderr]    Compiling crossbeam-utils v0.7.2
[INFO] [stderr]    Compiling memoffset v0.5.5
[INFO] [stderr]    Compiling crossbeam-epoch v0.8.2
[INFO] [stderr]    Compiling num-integer v0.1.43
[INFO] [stderr]    Compiling rayon v1.4.0
[INFO] [stderr]    Compiling num-rational v0.3.0
[INFO] [stderr]    Compiling num-iter v0.1.41
[INFO] [stderr]     Checking draw_state v0.8.0
[INFO] [stderr]    Compiling rustc_version v0.2.3
[INFO] [stderr]    Compiling gl_generator v0.14.0
[INFO] [stderr]    Compiling gl_generator v0.10.0
[INFO] [stderr]     Checking dlib v0.4.2
[INFO] [stderr]     Checking smallvec v0.6.13
[INFO] [stderr]     Checking tiff v0.5.0
[INFO] [stderr]     Checking png v0.16.7
[INFO] [stderr]     Checking wayland-sys v0.21.13
[INFO] [stderr]    Compiling quote v0.6.13
[INFO] [stderr]     Checking num_cpus v1.13.0
[INFO] [stderr]     Checking memmap v0.7.0
[INFO] [stderr]     Checking raw-window-handle v0.3.3
[INFO] [stderr]     Checking shared_library v0.1.9
[INFO] [stderr]     Checking gfx_core v0.9.2
[INFO] [stderr]    Compiling parking_lot_core v0.6.2
[INFO] [stderr]    Compiling parking_lot v0.9.0
[INFO] [stderr]    Compiling quote v1.0.7
[INFO] [stderr]    Compiling wayland-scanner v0.21.13
[INFO] [stderr]     Checking crossbeam-channel v0.4.4
[INFO] [stderr]     Checking osmesa-sys v0.1.2
[INFO] [stderr]     Checking rand_core v0.5.1
[INFO] [stderr]    Compiling libloading v0.5.2
[INFO] [stderr]     Checking crossbeam-deque v0.7.3
[INFO] [stderr]     Checking rand_chacha v0.2.2
[INFO] [stderr]     Checking approx v0.3.2
[INFO] [stderr]     Checking ordered-float v1.1.0
[INFO] [stderr]     Checking line_drawing v0.7.0
[INFO] [stderr]    Compiling gl v0.11.0
[INFO] [stderr]    Compiling glutin_glx_sys v0.1.7
[INFO] [stderr]    Compiling glutin_egl_sys v0.1.5
[INFO] [stderr]    Compiling gfx_gl v0.6.1
[INFO] [stderr]     Checking rand v0.7.3
[INFO] [stderr]     Checking rusttype v0.8.3
[INFO] [stderr]     Checking rusttype v0.7.9
[INFO] [stderr]     Checking piston2d-graphics v0.37.0
[INFO] [stderr]     Checking andrew v0.2.1
[INFO] [stderr]     Checking lib_2048 v0.1.0 (https://bitbucket.org/AdrienChampion/rust_2048.git?rev=4751eb6#4751eb6b)
[INFO] [stdout] error[E0432]: unresolved import `rand::IsaacRng`
[INFO] [stdout]  --> /opt/rustwide/cargo-home/git/checkouts/rust_2048-e4b2572afb50011c/4751eb6/src/common.rs:8:5
[INFO] [stdout]   |
[INFO] [stdout] 8 | use rand::IsaacRng ;
[INFO] [stdout]   |     ^^^^^^^^^^^^^^ no `IsaacRng` in the root
[INFO] [stdout] 
[INFO] [stdout] 
[INFO] [stdout] error[E0432]: unresolved import `rand::Rand`
[INFO] [stdout]    --> /opt/rustwide/cargo-home/git/checkouts/rust_2048-e4b2572afb50011c/4751eb6/src/common.rs:108:13
[INFO] [stdout]     |
[INFO] [stdout] 108 |         use rand::Rand ;
[INFO] [stdout]     |             ^^^^^^^^^^ no `Rand` in the root
[INFO] [stdout] 
[INFO] [stdout] 
[INFO] [stdout] error[E0432]: unresolved import `rand::IsaacRng`
[INFO] [stdout]  --> /opt/rustwide/cargo-home/git/checkouts/rust_2048-e4b2572afb50011c/4751eb6/src/grid.rs:5:5
[INFO] [stdout]   |
[INFO] [stdout] 5 | use rand::IsaacRng ;
[INFO] [stdout]   |     ^^^^^^^^^^^^^^ no `IsaacRng` in the root
[INFO] [stdout] 
[INFO] [stdout] 
[INFO] [stdout] error[E0432]: unresolved import `rand::Rand`
[INFO] [stdout]    --> /opt/rustwide/cargo-home/git/checkouts/rust_2048-e4b2572afb50011c/4751eb6/src/grid.rs:243:9
[INFO] [stdout]     |
[INFO] [stdout] 243 |     use rand::Rand ;
[INFO] [stdout]     |         ^^^^^^^^^^ no `Rand` in the root
[INFO] [stdout] 
[INFO] [stdout] 
[INFO] [stdout] error[E0433]: failed to resolve: could not find `StdRng` in `rand`
[INFO] [stdout]    --> /opt/rustwide/cargo-home/git/checkouts/rust_2048-e4b2572afb50011c/4751eb6/src/common.rs:106:17
[INFO] [stdout]     |
[INFO] [stdout] 106 |     match rand::StdRng::new() {
[INFO] [stdout]     |                 ^^^^^^ not found in `rand`
[INFO] [stdout]     |
[INFO] [stdout] help: consider importing this struct
[INFO] [stdout]     |
[INFO] [stdout] 3   | use rand::rngs::StdRng;
[INFO] [stdout]     |
[INFO] [stdout] 
[INFO] [stdout] 
[INFO] [stdout] error[E0599]: no function or associated item named `rand` found for type `u8` in the current scope
[INFO] [stdout]    --> /opt/rustwide/cargo-home/git/checkouts/rust_2048-e4b2572afb50011c/4751eb6/src/common.rs:112:26
[INFO] [stdout]     |
[INFO] [stdout] 112 |           let val = (u8::rand(& mut rng) % 26) + 97 ;
[INFO] [stdout]     |                          ^^^^ function or associated item not found in `u8`
[INFO] [stdout] 
[INFO] [stdout] 
[INFO] [stdout] error[E0599]: no function or associated item named `rand` found for type `u8` in the current scope
[INFO] [stdout]    --> /opt/rustwide/cargo-home/git/checkouts/rust_2048-e4b2572afb50011c/4751eb6/src/grid.rs:246:34
[INFO] [stdout]     |
[INFO] [stdout] 246 |       let (row, col) = free[(u8::rand(& mut self.rng) as usize) % free.len()] ;
[INFO] [stdout]     |                                  ^^^^ function or associated item not found in `u8`
[INFO] [stdout] 
[INFO] [stdout] 
[INFO] [stdout] error[E0599]: no function or associated item named `rand` found for type `u8` in the current scope
[INFO] [stdout]    --> /opt/rustwide/cargo-home/git/checkouts/rust_2048-e4b2572afb50011c/4751eb6/src/grid.rs:247:24
[INFO] [stdout]     |
[INFO] [stdout] 247 |       let pow = if u8::rand(& mut self.rng) % 100u8 > 80u8 {
[INFO] [stdout]     |                        ^^^^ function or associated item not found in `u8`
[INFO] [stdout] 
[INFO] [stdout] 
[INFO] [stderr]    Compiling wayland-client v0.21.13
[INFO] [stderr]    Compiling wayland-protocols v0.21.13
[INFO] [stdout] error: aborting due to 8 previous errors
[INFO] [stdout] 
[INFO] [stdout] 
[INFO] [stdout] Some errors have detailed explanations: E0432, E0433, E0599.
[INFO] [stdout] 
[INFO] [stdout] For more information about an error, try `rustc --explain E0432`.
[INFO] [stdout] 
[INFO] [stderr] error: could not compile `lib_2048`.
[INFO] [stderr] 
[INFO] [stderr] To learn more, run the command again with --verbose.
[INFO] [stderr] warning: build failed, waiting for other jobs to finish...
[INFO] [stderr] error: build failed
[INFO] running `Command { std: "docker" "inspect" "7fdd7b2232197d7bff2c84d420f18f3a46e5464388b1a3ef04def0bc827bf4f5", kill_on_drop: false }`
[INFO] running `Command { std: "docker" "rm" "-f" "7fdd7b2232197d7bff2c84d420f18f3a46e5464388b1a3ef04def0bc827bf4f5", kill_on_drop: false }`
[INFO] [stdout] 7fdd7b2232197d7bff2c84d420f18f3a46e5464388b1a3ef04def0bc827bf4f5
